 9 = 5*d, 5*a - 5*d = 1400. What is the hundreds digit of a?
2
Let q = -53 - -148. Suppose 11 = 4*b - 0*a - a, -3*b + 8 = -a. Suppose 0 = v - 2*v + o + 21, -q = -b*v - 5*o. What is the units digit of v?
5
Let u(y) = 128*y**2 + 17*y - 13. What is the thousands digit of u(3)?
1
Let o(q) = -q**2 + 2*q + 7. Let h be o(0). Suppose -419 = -h*w + 71. What is the tens digit of w?
7
What is the thousands digit of 69/23 - (2 + -2214)/1?
2
Let s(u) be the first derivative of -u**3/3 - 15*u**2 + 33*u + 27. What is the tens digit of s(-25)?
5
Let l(u) = -2*u - 16. Let m be l(-7). Let n = m + 10. Suppose 80 = n*z - 4*z. What is the tens digit of z?
2
Suppose 5*p + 16 = -9. Let r(o) = -o**2 + 4*o + 3. Let d be r(p). Let m = d + 61. What is the units digit of m?
9
Let f(g) = 2*g**3 + 2*g**2 - 3*g + 475. What is the tens digit of f(0)?
7
Let w(z) = z**3 - 6*z**2 - z + 8. Let l(o) = -o**3 + 7*o**2 - 5*o. Let r be l(6). Let h be w(r). Suppose h*a = -0*a + 94. What is the tens digit of a?
4
Let j(f) = -2*f + 3. Let o be j(-3). Let r = 12 - o. Suppose -r*k = -46 - 26. What is the tens digit of k?
2
Let b(h) = 4*h**2 - 6*h - 68. What is the units digit of b(7)?
6
What is the hundreds digit of ((-7110)/315)/(3/(-357))?
6
What is the tens digit of 132770/102 - (-1)/3?
0
Let a be 20/(-28) - 4/14. What is the units digit of (265/10)/(a/(-2))?
3
Let j = -8 + 14. Suppose j*v - 149 = 55. What is the units digit of v?
4
Let t(b) be the third derivative of b**6/120 + b**5/12 - b**4/24 + b**3/2 + 3*b**2. Suppose -10 = 3*k - k. What is the units digit of t(k)?
8
Let b be (-8)/(-36) - 146/9. Suppose -4*n + 30 = 3*v - 2*n, 0 = v - 4*n + 4. Let x = v - b. What is the units digit of x?
4
Suppose o = -21 + 18. What is the units digit of (2 - 24/21)/(o/(-525))?
0
Let v(k) = k**2 - 3*k - 3. Let j(q) = -q**2 + q. Let u(l) = -3*l**2 + 3*l. Let o(p) = 8*j(p) - 3*u(p). Let i be o(3). What is the units digit of v(i)?
5
Let j(s) be the second derivative of -7*s**5/120 - 5*s**4/24 - s**3 + s. Let n(b) be the second derivative of j(b). What is the units digit of n(-2)?
9
Suppose -2*b + 3 + 93 = 0. Let p = 91 - b. What is the tens digit of p?
4
Let k(n) = n**3 + 29*n**2 + 19*n + 13. What is the tens digit of k(-28)?
6
Suppose 3*i + g = 1977 + 289, 0 = 2*i + 2*g - 1508. What is the tens digit of i?
5
Let l = -178 - -83. Let u = l - -164. What is the tens digit of u?
6
Let b = -158 - -181. What is the tens digit of b?
2
Suppose -17*o + 26*o = 36. Suppose o*j = 9*j - 420. What is the units digit of j?
4
Let q be (-966)/(-2) + -1 - 4. Suppose -q = -2*x + 1652. What is the tens digit of 12/21 + x/35?
3
Let h(k) = 13*k**2 + 14*k + 4. Let i be h(5). Suppose 3*q - i = -48. What is the units digit of q?
7
Let d be (4 - 8) + 6 + 4. Suppose 0*v = -4*u + 2*v + 60, d = 3*v. What is the units digit of u?
6
Suppose 0 = 10*l - 4560 + 1330. What is the hundreds digit of l?
3
Suppose 0*l + 4*j = l + 451, 5*l - 5*j + 2180 = 0. Let h = -302 - l. What is the units digit of h?
9
Let b = 18 + -16. Suppose -d - j + b*j + 63 = 0, 4*d - 256 = 5*j. Suppose 19 = -k + d. What is the tens digit of k?
4
Suppose -5*w + w + 10 = -a, -4*w + 2*a + 8 = 0. Suppose 4*f = -2*p + 196, 0 = -4*f - w*p + 131 + 69. What is the tens digit of f?
4
Let w(k) = 587*k**3 + 4*k - 5. What is the thousands digit of w(2)?
4
Let o(m) = -6*m**3 + 5*m + 2582. What is the hundreds digit of o(0)?
5
Let y(h) = h - 1. Let m(c) = 24*c - 20. Let d(b) = m(b) - 20*y(b). Let s be d(1). Suppose 0 = s*w - w + 15, a - 8 = -3*w. What is the units digit of a?
3
Suppose 9*a - 4197 - 168 = 0. What is the hundreds digit of a?
4
What is the units digit of (-2)/(-17) + (-104340)/(-629)?
6
Let p = -1 + 4. Let x(z) be the third derivative of z**5/30 + z**4/12 - 3*z**2. What is the units digit of x(p)?
4
What is the units digit of -164*27/(-12) + (-1 - 0)?
8
Suppose -2*h + 2*m = -20, -5 = -2*h - m + 21. Suppose -3*j = -0*j - h. Suppose j*p - o + 6*o - 243 = 0, 3*p = 5*o + 156. What is the tens digit of p?
5
Let k be (0 - 20/(-16))*-4. What is the units digit of 1/(k/10) + 3?
1
Let p(s) = -3*s - 17. Let i be p(-9). What is the tens digit of i/(-4)*(-270)/25?
2
Let j(v) = -v**3 + 6*v**2 + 11*v. Let q be j(8). Let y = 123 + q. What is the units digit of y?
3
Suppose 16*l - 17766 = -2*l. What is the tens digit of l?
8
Let p(f) = 1136*f - 785. What is the thousands digit of p(4)?
3
Let a = -18 + 18. Suppose 0*i + i = a, 64 = 4*o + 2*i. What is the tens digit of o?
1
Let u be (-772)/((-8)/(-2)) + -2. Let w = -121 - u. What is the tens digit of w?
7
Let b = -177 - -119. Let x = b - -112. What is the units digit of x?
4
Let f be -1*(45/6)/(2/(-436)). Suppose -4*z - 3*b = -1308, 7*z - f = 2*z - 2*b. What is the tens digit of z?
2
Suppose 28*v - 23*v - 750 = 0. What is the units digit of v?
0
Let h be 3*6/(-27)*-15. Suppose -464 = -h*p + 2*p. What is the units digit of p?
8
Suppose -6*n = 9 - 27. Suppose -z = -y - 1, 4*z = -y + 3*z + 9. Suppose -h = -y*v + 11, -n*v + 11 + 1 = -2*h. What is the units digit of v?
2
What is the thousands digit of (148/(-222))/(4/(-23394))?
3
Suppose n + 2*x + 6 = -n, 4*x = -20. Suppose -12 = -j + 3*p, -j + 16 = p - n*p. What is the units digit of j?
8
Suppose -1015 = -4*x - 151. Suppose 23*o = 25*o - x. What is the tens digit of o?
0
Let i(p) = -p**3 + 26*p**2 + 22*p - 37. What is the units digit of i(26)?
5
Let b be 4*(-5)/(-10) + 3. Suppose 2*n - 49 = -v, -2*v + 117 = b*n + 23. What is the units digit of v?
7
What is the hundreds digit of (0 - (9 - 16)) + 218?
2
Let z = 65 + -63. Suppose -z*t + 160 = -f, 13 - 165 = -2*t - f. What is the units digit of t?
8
Let n(z) = -z**3 - z**2 + z + 15. Let b be 0*(4 + (-28)/8). Let m be n(b). What is the tens digit of (m/(-5))/(2/(-22))?
3
Let r = 466 - -567. What is the hundreds digit of r?
0
Let n = 7522 - 2856. What is the thousands digit of n?
4
Let w be ((-12)/36)/((-2)/282). Suppose 5*h - w = 108. What is the units digit of h?
1
Let s be 2 - ((-2)/6 + (-50)/(-15)). Let z = 115 + s. What is the tens digit of z?
1
Let a = -646 + 1770. What is the thousands digit of a?
1
Let k(h) be the second derivative of 3*h**4/2 + h**3/6 - h**2/2 + 3*h. What is the tens digit of k(2)?
7
Let s(l) = l**2 - 52*l**3 + 51*l**3 + 1 + 5*l + l. What is the units digit of s(-3)?
9
Suppose 2*z = 4*i + 46, 4*i - 23 = -2*z - 9. Suppose -v - v + 8 = 0, 0 = 2*f + 4*v - 88. Let s = f + z. What is the tens digit of s?
5
Suppose 0 = -2*g + k + 214 + 53, 3*g - 398 = -k. Suppose 4*a + 157 = 5*n + a, 5*a - g = -4*n. What is the units digit of n?
2
Let s be ((-5)/(-5 - 0))/(3/(-21)). Let i(l) be the second derivative of -l**5/20 - l**4/2 + l**3/2 + 11*l**2/2 + 2*l. What is the tens digit of i(s)?
3
Let c = 167 + -115. What is the tens digit of c?
5
Let y = 3328 - 1033. What is the units digit of y?
5
Suppose 0*j - 4*k + 10 = j, 17 = 3*j - k. Let b = j - -10. Let r = 17 - b. What is the units digit of r?
1
Suppose 4019*z = 4031*z - 69684. What is the tens digit of z?
0
Let v = -12 - -22. Suppose 5*t - 5 = v. Suppose -2 = -3*l + 4*k, t*k = 3*l - 0*k - 3. What is the units digit of l?
2
Suppose 0*d + 12 = -3*d. Let f = 4 + d. Let z(a) = -a**3 + a**2 + a + 31. What is the tens digit of z(f)?
3
Let q = 10 - 7. Suppose -20*j + 19*j = -q. Suppose 3*v - 151 = j*p - p, -v + 46 = -5*p. What is the units digit of v?
1
Suppose b - 4*b = -3*f + 45, 0 = -f - b + 17. Let i = f + 39. What is the units digit of i?
5
Let d = -477 + 487. Let i be (-8)/(-3) - 2/(-6). Let x = d + i. What is the units digit of x?
3
Suppose 4*j = 7*j - w + 40, j + 3*w = 0. What is the tens digit of ((-104)/j)/(2/(-84)*-2)?
8
What is the tens digit of 8 - 36/27*-807?
8
Let u(d) = 5*d - 17. Let s be u(7). Suppose s = 3*z - 12. Let b = z - -9. What is the units digit of b?
9
Let u(t) be the third derivative of -t**6/720 + t**5/24 + 5*t**4/24 + t**2. Let w(n) be the second derivative of u(n). What is the tens digit of w(-11)?
1
Let w(f) = -42*f + 2490. What is the thousands digit of w(0)?
2
Suppose -2*j = -t + 3 - 0, j + 5*t + 18 = 0. Let b(g) = g**2 + 2 + 5*g + 0 + g**2 - g. What is the units digit of b(j)?
8
Let p be 12/(-5) + (-2)/(-5). Let b(s) = -2*s + 4. Let d(n) = 3*n - 9. Let h(k) = 2*b(k) + d(k). What is the units digit of h(p)?
1
Let p(k) = 4*k**2 - 2*k + 5. Let b = 1